{"id":9,"date":"2014-10-09T17:37:14","date_gmt":"2014-10-09T17:37:14","guid":{"rendered":"https:\/\/barodeviver.cat\/?page_id=9"},"modified":"2023-12-14T20:08:21","modified_gmt":"2023-12-14T19:08:21","slug":"el-barri","status":"publish","type":"page","link":"https:\/\/barodeviver.cat\/?page_id=9","title":{"rendered":"El Barri"},"content":{"rendered":"\n<h2 class=\"wp-block-heading\">El barri de Bar\u00f3 de Viver<\/h2>\n\n\n\n<p>Fou creat a finals de la d\u00e8cada de 1920. L\u2019any 1928, el Patronat de l\u2019Habitatge de Barcelona comen\u00e7a a comprar finques i terrenys per construir grups d\u2019habitatges on albergar la m\u00e0 d\u2019obra arribada a Barcelona. Un d\u2019aquests terrenys, pertanyents a la marquesa de Castellvell, en un dels marges del riu Bes\u00f2s, esdevindr\u00e0, m\u00e9s tard, Bar\u00f3 de Viver.<\/p>\n\n\n\n<p>Els habitatges que es construeixen segueixen la tipologia de barri de \u201ccases barates\u201d, conegudes com a \u201ccases baixes\u201d, que s\u2019havien concebut a partir del model \u201cciutat jard\u00ed\u201d per\u00f2 que, una vegada constru\u00efdes, poc tenien a veure amb aquest. Inicialment es van fer 334 habitatges unifamiliars de 43 m2, i en el 1958 es van afegir una vintena de blocs, tot ampliant-se la superf\u00edcie constru\u00efda.<\/p>\n\n\n\n<p>Entre el 1.985 i el 1.999 es va fer una remodelaci\u00f3 integral del barri, substituint els habitatges unifamiliars pels actuals pisos, i es van crear nous carrers i places.<\/p>\n\n\n\n<figure class=\"wp-block-image aligncenter size-full is-resized\"><a href=\"https:\/\/barodeviver.cat\/wp-content\/uploads\/2014\/10\/Bar\u00f3-desde-santa-coloma-Pan.jpg\"><img loading=\"lazy\" decoding=\"async\" width=\"960\" height=\"211\" src=\"https:\/\/barodeviver.cat\/wp-content\/uploads\/2014\/10\/Bar\u00f3-desde-santa-coloma-Pan.jpg\" alt=\"Bar\u00f3-desde-santa-coloma-Pan\" class=\"wp-image-14\" style=\"width:1194px;height:auto\" srcset=\"https:\/\/barodeviver.cat\/wp-content\/uploads\/2014\/10\/Bar\u00f3-desde-santa-coloma-Pan.jpg 960w, https:\/\/barodeviver.cat\/wp-content\/uploads\/2014\/10\/Bar\u00f3-desde-santa-coloma-Pan-300x65.jpg 300w, https:\/\/barodeviver.cat\/wp-content\/uploads\/2014\/10\/Bar\u00f3-desde-santa-coloma-Pan-730x160.jpg 730w\" sizes=\"auto, (max-width: 960px) 100vw, 960px\" \/><\/a><figcaption class=\"wp-element-caption\">El barri de Bar\u00f3 de Viver des de Santa Coloma<\/figcaption><\/figure>\n\n\n\n<p>El pont del Pg. Santa Coloma, les Rondes, l\u2019arribada del metro, la millora de la riba del riu, la construcci\u00f3 d\u2019equipaments, \u2026 han estat projectes que han contribu\u00eft a trencar l\u2019a\u00efllament de Bar\u00f3 de Viver, tot millorant les condicions de vida dels seus ciutadans\/es.<\/p>\n\n\n\n<p>El barri de Bar\u00f3 de Viver est\u00e0 situat al nord de la ciutat de Barcelona, dins del Districte de Sant Andreu. Limita amb els barris de Bon Pastor, Sant Andreu, Trinitat Vella, i el riu Bes\u00f2s, que fa de l\u00edmit natural amb el municipi de Santa Coloma de Gramenet. En l\u2019actualitat t\u00e9 una superf\u00edcie d\u201911 hect\u00e0rees i una poblaci\u00f3 que ronda els 3.000 habitants.<\/p>\n\n\n\n<h3 class=\"wp-block-heading\">El Mural&nbsp; de la Mem\u00f2ria<\/h3>\n\n\n\n<p>(publicat l\u201911\/02\/2011 a les 12:00 h. \u2013 Redacci\u00f3 <a href=\"http:\/\/bcn.cat\" target=\"_blank\" rel=\"noopener\">bcn.cat<\/a> )<\/p>\n\n\n\n<p>El <i>Mural de la Mem\u00f2ria<\/i> de Bar\u00f3 de Viver, que s\u2019inaugura l\u201911 de febrer de 2011, \u00e9s un projecte de participaci\u00f3 ciutadana realitzat en aquest barri de Barcelona, coordinat pel Grup Centre de Recerca Polis de la Universitat de Barcelona. El <i>Mural<\/i> narra la mem\u00f2ria de Bar\u00f3 de Viver, escrita pels seus ve\u00efns\/es. \u00c9s una hist\u00f2ria plena d\u2019an\u00e8cdotes, de records i de fets viscuts, compartits o coneguts pel barri, aportats entre tots de manera participativa, que repassen la hist\u00f2ria de Bar\u00f3 de Viver, des de 1929 fins a l\u2019actualitat.<\/p>\n\n\n\n<figure class=\"wp-block-image aligncenter size-full is-resized\"><a href=\"https:\/\/barodeviver.cat\/wp-content\/uploads\/2023\/12\/20180101195951Mural-de-la-MemC3B2ria-de-BarC3B3-de-Viver.optimized.0158efcf.jpg\"><img loading=\"lazy\" decoding=\"async\" width=\"1200\" height=\"900\" src=\"https:\/\/barodeviver.cat\/wp-content\/uploads\/2023\/12\/20180101195951Mural-de-la-MemC3B2ria-de-BarC3B3-de-Viver.optimized.0158efcf.jpg\" alt=\"\" class=\"wp-image-10412\" style=\"aspect-ratio:1.7777777777777777;object-fit:cover;width:748px;height:auto\" srcset=\"https:\/\/barodeviver.cat\/wp-content\/uploads\/2023\/12\/20180101195951Mural-de-la-MemC3B2ria-de-BarC3B3-de-Viver.optimized.0158efcf.jpg 1200w, https:\/\/barodeviver.cat\/wp-content\/uploads\/2023\/12\/20180101195951Mural-de-la-MemC3B2ria-de-BarC3B3-de-Viver.optimized.0158efcf-300x225.jpg 300w, https:\/\/barodeviver.cat\/wp-content\/uploads\/2023\/12\/20180101195951Mural-de-la-MemC3B2ria-de-BarC3B3-de-Viver.optimized.0158efcf-1024x768.jpg 1024w, https:\/\/barodeviver.cat\/wp-content\/uploads\/2023\/12\/20180101195951Mural-de-la-MemC3B2ria-de-BarC3B3-de-Viver.optimized.0158efcf-768x576.jpg 768w\" sizes=\"auto, (max-width: 1200px) 100vw, 1200px\" \/><\/a><\/figure>\n","protected":false},"excerpt":{"rendered":"<p>El barri de Bar\u00f3 de Viver Fou creat a finals de la d\u00e8cada de 1920. L\u2019any 1928, el Patronat de l\u2019Habitatge de Barcelona comen\u00e7a a comprar finques i terrenys per construir grups d\u2019habitatges on albergar la m\u00e0 d\u2019obra arribada a Barcelona. Un d\u2019aquests terrenys, pertanyents a la marquesa de Castellvell, en un dels marges del [&hellip;]<\/p>\n","protected":false},"author":1,"featured_media":0,"parent":0,"menu_order":0,"comment_status":"closed","ping_status":"open","template":"","meta":{"_uag_custom_page_level_css":"","site-sidebar-layout":"default","site-content-layout":"","ast-site-content-layout":"","site-content-style":"default","site-sidebar-style":"default","ast-global-header-display":"","ast-banner-title-visibility":"","ast-main-header-display":"","ast-hfb-above-header-display":"","ast-hfb-below-header-display":"","ast-hfb-mobile-header-display":"","site-post-title":"disabled","ast-breadcrumbs-content":"","ast-featured-img":"","footer-sml-layout":"","theme-transparent-header-meta":"","adv-header-id-meta":"","stick-header-meta":"","header-above-stick-meta":"","header-main-stick-meta":"","header-below-stick-meta":"","astra-migrate-meta-layouts":"default","ast-page-background-enabled":"default","ast-page-background-meta":{"desktop":{"background-color":"var(--ast-global-color-4)","background-image":"","background-repeat":"repeat","background-position":"center center","background-size":"auto","background-attachment":"scroll","background-type":"","background-media":"","overlay-type":"","overlay-color":"","overlay-opacity":"","overlay-gradient":""},"tablet":{"background-color":"","background-image":"","background-repeat":"repeat","background-position":"center center","background-size":"auto","background-attachment":"scroll","background-type":"","background-media":"","overlay-type":"","overlay-color":"","overlay-opacity":"","overlay-gradient":""},"mobile":{"background-color":"","background-image":"","background-repeat":"repeat","background-position":"center center","background-size":"auto","background-attachment":"scroll","background-type":"","background-media":"","overlay-type":"","overlay-color":"","overlay-opacity":"","overlay-gradient":""}},"ast-content-background-meta":{"desktop":{"background-color":"var(--ast-global-color-5)","background-image":"","background-repeat":"repeat","background-position":"center center","background-size":"auto","background-attachment":"scroll","background-type":"","background-media":"","overlay-type":"","overlay-color":"","overlay-opacity":"","overlay-gradient":""},"tablet":{"background-color":"var(--ast-global-color-5)","background-image":"","background-repeat":"repeat","background-position":"center center","background-size":"auto","background-attachment":"scroll","background-type":"","background-media":"","overlay-type":"","overlay-color":"","overlay-opacity":"","overlay-gradient":""},"mobile":{"background-color":"var(--ast-global-color-5)","background-image":"","background-repeat":"repeat","background-position":"center center","background-size":"auto","background-attachment":"scroll","background-type":"","background-media":"","overlay-type":"","overlay-color":"","overlay-opacity":"","overlay-gradient":""}},"footnotes":""},"class_list":["post-9","page","type-page","status-publish","hentry"],"uagb_featured_image_src":{"full":false,"thumbnail":false,"medium":false,"medium_large":false,"large":false,"1536x1536":false,"2048x2048":false},"uagb_author_info":{"display_name":"Fem Bar\u00f3 de Viver","author_link":"https:\/\/barodeviver.cat\/author\/admin"},"uagb_comment_info":0,"uagb_excerpt":"El barri de Bar\u00f3 de Viver Fou creat a finals de la d\u00e8cada de 1920. L\u2019any 1928, el Patronat de l\u2019Habitatge de Barcelona comen\u00e7a a comprar finques i terrenys per construir grups d\u2019habitatges on albergar la m\u00e0 d\u2019obra arribada a Barcelona. Un d\u2019aquests terrenys, pertanyents a la marquesa de Castellvell, en un dels marges del&hellip;","jetpack_sharing_enabled":true,"jetpack_shortlink":"https:\/\/wp.me\/P86b0a-9","_links":{"self":[{"href":"https:\/\/barodeviver.cat\/index.php?rest_route=\/wp\/v2\/pages\/9","targetHints":{"allow":["GET"]}}],"collection":[{"href":"https:\/\/barodeviver.cat\/index.php?rest_route=\/wp\/v2\/pages"}],"about":[{"href":"https:\/\/barodeviver.cat\/index.php?rest_route=\/wp\/v2\/types\/page"}],"author":[{"embeddable":true,"href":"https:\/\/barodeviver.cat\/index.php?rest_route=\/wp\/v2\/users\/1"}],"replies":[{"embeddable":true,"href":"https:\/\/barodeviver.cat\/index.php?rest_route=%2Fwp%2Fv2%2Fcomments&post=9"}],"version-history":[{"count":19,"href":"https:\/\/barodeviver.cat\/index.php?rest_route=\/wp\/v2\/pages\/9\/revisions"}],"predecessor-version":[{"id":10420,"href":"https:\/\/barodeviver.cat\/index.php?rest_route=\/wp\/v2\/pages\/9\/revisions\/10420"}],"wp:attachment":[{"href":"https:\/\/barodeviver.cat\/index.php?rest_route=%2Fwp%2Fv2%2Fmedia&parent=9"}],"curies":[{"name":"wp","href":"https:\/\/api.w.org\/{rel}","templated":true}]}}